*g**5 + 0*g. Calculate b(7).
1
Let h(j) = -142 - 148 - 150 + 6*j + 451. Calculate h(-2).
-1
Suppose 0 = 5*r + 4*n - 18, -4*r + 0*n = 4*n - 16. Suppose -3*b + 1 = 4*v - 2, 0 = -r*b - v - 3. Let m(t) = t. Determine m(b).
-3
Let k(r) be the third derivative of r**6/120 + r**5/20 - r**4/24 - r**3/6 - 12*r**2. Suppose 0 = 2*g - g - 4. Let o = g - 7. What is k(o)?
2
Suppose 15 = 3*k + 2*v - 11, -v - 31 = -4*k. Let n = k - 6. Let i(p) = -3*p + p**2 - 4*p**n - 3*p**2 + 5*p**2 + 1. Calculate i(-4).
-3
Let h(a) be the second derivative of a**5/20 + a**4/3 - a**3 + 11*a**2/2 + 372*a. Determine h(-5).
16
Let q = -52 + 56. Suppose -g + q = 2. Let m(n) = -n**2 - 2*n + 3. Determine m(g).
-5
Suppose 5*c + 3*v = -103, 2*v - 12 + 74 = -3*c. Let r = c - -18. Let o be (-7)/(r/(3 + -5)). Let t(a) = -a - 2. What is t(o)?
5
Let v be ((-116)/(-16) - 5) + (-1)/4. Suppose 6 = -0*u - v*u, 2*u = -3*c - 6. Let n(y) = -1 + 5*y - 3*y - y. Determine n(c).
-1
Let x be 20/4 + -2 + -1. Let g(u) = u - 3*u + x - u + 1. What is g(6)?
-15
Let f = 89 - 85. Let h(q) be the first derivative of -q**3/3 + 2*q**2 + 2*q - 4. What is h(f)?
2
Let i(q) = -q + 2 + 2*q - 4. Suppose 1 - 13 = -4*b. Suppose 0 = 2*l - b*l. Give i(l).
-2
Suppose -6 - 4 = -n - 2*g, 0 = -4*n - 3*g + 30. Let u(h) = -h**2 + 3*h + 13. Calculate u(n).
-5
Let d(k) = -5*k - 9 + 3 + 26 + 3*k. Let j be d(9). Let t(x) = -6 + 5*x + 4 - 2*x. Calculate t(j).
4
Let q(k) = k**3 + 7*k**2 + 6*k - 5. Let s = -18 + 20. Suppose 0 = 5*g - s - 23. Let v be (-4 - -19)*(-2)/g. Give q(v).
-5
Let y(o) = 3*o + 5. Let f = 1260 + -1267. Give y(f).
-16
Let l(n) be the third derivative of -n**9/60480 - n**8/2880 - n**7/560 - n**6/80 - n**5/5 - 22*n**2. Let r(m) be the third derivative of l(m). Give r(-6).
9
Let i(b) = b + 6 + 0 - 4 - 2*b. Let h(j) = -5*j**3 - j**2 + 2*j - 1. Let v be h(1). Calculate i(v).
7
Let q = 85 + -82. Suppose 2*w + 5 = 5*n, -2*n - q*n - 5 = 0. Let p(z) = 2*z - 2. What is p(w)?
-12
Let f(x) be the first derivative of -9*x**2/2 - 5*x + 9. Let v(z) = -4*z - 3. Let i(p) = -2*f(p) + 5*v(p). Give i(-5).
5
Let q(l) = 4 + 0*l + 20*l - 17*l - 6*l**2 + l**3. Suppose z + 0*z = 5. Suppose -z*g - c = -24, -c = g + g - 9. Give q(g).
-6
Let k = -1 - 1. Let c(g) = 7*g - 24. Let s be c(4). Let m = k - s. Let u(i) = i + 7. Calculate u(m).
1
Let d(f) = -3*f**2 - 5*f - 2. Let i(l) = -l**2 - 3*l - l - 5 + 2*l + 4. Let r(q) = 4*d(q) - 11*i(q). Determine r(5).
-12
Let n be (-3)/2*8/(-12). Let w(x) = 11*x**3. Determine w(n).
11
Let d(x) = -x**2 + 5. Let p = -21 + 31. Suppose -2*a + 10 = -2*j, 0 = -2*j - p. What is d(a)?
5
Let c(s) = 95*s - 272*s + 87*s - 5 + 89*s. Determine c(-5).
0
Let h(c) = c**3 + 5*c**2 + 2*c - 2. Let q = -12 + 13. Let l = q - -5. Suppose 5*p + 14 = -k, p - l - 12 = 5*k. Calculate h(k).
6
Let b(v) = v**2 + 6*v - 8. Let m be b(-8). Let o(j) = -4*j**2 - 7*j + m + j**2 + 2*j**2 + 2*j**2. Let w = -8 + 14. Give o(w).
2
Suppose 0*f + 3 = f. Suppose -f*h + 1 - 19 = 0. Let m(j) be the second derivative of -j**3/6 - 5*j**2/2 + 6*j. Give m(h).
1
Let u(q) = 28*q - 21*q - 6*q - 6*q - 2. Give u(-6).
28
Let h(b) = -b + 6. Let i be h(6). Suppose j + i + 1 = 0. Let p(o) be the first derivative of -5*o**2/2 - o + 107. Give p(j).
4
Let g(f) = -2*f**2 + 2 - 1 + 3*f**2 - 9*f. Let c = 1977 - 1967. What is g(c)?
11
Let a = -15 - -12. Let v(h) = 11*h + 1. Let x(b) be the first derivative of -17*b**2/2 - 2*b - 1. Let z(m) = -8*v(m) - 5*x(m). What is z(a)?
11
Let b(j) = -2*j**2 + 3*j**2 - 163*j + 161*j - 3. What is b(5)?
12
Let b(g) = -8*g**2 + 4. Let u(v) be the third derivative of v**5/60 + 2*v**2. Let i(t) = b(t) + 6*u(t). Determine i(2).
-4
Let t(c) be the first derivative of -c**2 + 25. Let x(s) = 2*s**2 + 2*s - 1. Let d be x(1). Suppose 2*f - d*f = -2. Give t(f).
-4
Let a(w) = 60*w + 6*w**2 - 7*w**3 - 124*w + 5 + 59*w. Let s(l) = 6*l**3 - 5*l**2 + 4*l - 4. Let o(n) = 5*a(n) + 6*s(n). Give o(-2).
-5
Let c(d) = d**2 + 4*d + 2. Let p = -18 + 20. Suppose g = -2*f, 4*f = -g - 2 - p. Calculate c(f).
-2
Suppose 0 = -0*w - 2*w. Let r(j) = 3*j**2 + 2*j**2 + 51*j - 4*j**2 - 50*j. Let v(i) = i**3 - 5*i**2 - 6*i - 11. Let s(x) = 6*r(x) + v(x). Calculate s(w).
-11
Let c be (-4)/(-2) + (-12)/6. Let s be (15 - 24)/(c + 1). Let m(g) = -g**3 - 11*g**2 - 19*g - 7. Let q be m(s). Let f(l) = l**2 - 4*l + 3. What is f(q)?
-1
Let g(a) = -4*a - 2. Suppose 0 = 27*s - 25*s. Let z be (s*(-3)/12)/1. Let h be (0 - 3) + (1 - z). What is g(h)?
6
Let k(m) = 17*m**3 - 29*m**2 - 2*m - 102. Let d(q) = -7*q**3 + 11*q**2 + q + 41. Let i(t) = -12*d(t) - 5*k(t). Determine i(13).
-8
Let t(u) = -u + 1 + 2*u + 5. Suppose 3*q = -26 - 16. Let p = 8 + q. Give t(p).
0
Let f be ((-40)/(-12))/(2/(-3)). Suppose 5*j - 4*j = 2. Let l(y) = y**2 - j + 20*y - 36*y + 20*y. What is l(f)?
3
Suppose 0 = -2*r - 2, -6*r + 3*r = -4*u + 23. Let l be (u/(-15))/((-1)/6). Let o = l - 3. Let q(t) = 13*t**3 + t**2 - t - 1. Give q(o).
-12
Let a(d) = d**3 - 2*d**2 - d + 1. Let m = -41 + 24. Let f = 21 + m. Let z be (3 + -4)/((-2)/f). Calculate a(z).
-1
Let w(v) = -v + 4. Let h(g) = -g + 4. Suppose 5*z + 1 = 31. Let a(l) = z*h(l) - 5*w(l). Let s be 2*(-2)/4*3. Give a(s).
7
Let r(l) = 7*l**2 - 13*l**2 + 10*l + 14 + l - l**3 - 4*l. Calculate r(-7).
14
Let v = 1087 - 1093. Let j(f) = -f**2 - 3*f - 3. Calculate j(v).
-21
Let p(s) = s**3 + 5*s**2 + s + 5. Let q(a) be the first derivative of a**4/2 + 2*a**3/3 - 3*a**2/2 - 3*a + 2. Let i be q(-2). Calculate p(i).
0
Suppose -29 = 7*l - 71. Suppose -6*c + c = -5. Let i(p) = -4 + p - 3 - c. Determine i(l).
-2
Let a(p) = 2*p - 32. Let h(j) = 5*j**2 - 123*j - 37. Let f be h(25). What is a(f)?
-6
Let k(m) = m - 11 + 3*m**2 - 6*m**2 + 2*m**2. Let w(o) = o**3 - 9*o**2 + 14*o. Suppose 5*n = -v - 18, 3*v - 5*n = -8*n + 6. Let y be w(v). Give k(y).
-11
Suppose -10*q = -7 - 3. Let p(d) = 8 + d**2 + q - 6 + 0 + 7*d. Give p(-3).
-9
Let y(l) = -l**3 + 15*l**2 - 13*l - 16. Let h be y(14). Let u(k) = k**3 + k**2 + 3*k + 3. Determine u(h).
-7
Let h = 4 - -1. Let o(f) = 1. Let a(i) = -i + 1. Let x(j) = a(j) + 4*o(j). Let u be x(h). Let s(w) = -w**3 + w**2 + 4. Calculate s(u).
4
Let g(l) = -16*l - 26. Let z(d) = 3*d + 5. Let o(s) = -2*g(s) - 11*z(s). Suppose 3*h - j + 15 = 0, j - 4 = -2*h + 4*j. Determine o(h).
4
Let y(v) = -4*v**2 - 2*v + 3. Suppose -6*x + 3*x + 12 = 0. Let a(m) = 2*m - x - 3 - 3 + 0*m. Let z be a(6). Give y(z).
-17
Let a(v) = 19*v - 57. Let x be a(8). Let h = 88 - x. Let f(z) be the first derivative of -z**3/3 - 4*z**2 - 9*z + 2. Calculate f(h).
-2
Let u(y) = -1566*y**2 - 8*y + 9*y - 4 + 1564*y**2 + y**3. Determine u(3).
8
Let n = 455 - 462. Suppose t + 2*s + 4 = 0, 3*s + 14 + 1 = 3*t. Let l(a) = -6 - 3 - t - 6*a + 5*a. What is l(n)?
-4
Suppose 3*q - 16 = -4. Suppose -q = 2*l - 0. Let i(f) = -364*f + 734*f + 3 - 365*f + f**2. Calculate i(l).
-3
Let c = 70 - 39. Let q = 32 - c. Let v(b) = 9*b**2 - b. Calculate v(q).
8
Let w(t) be the first derivative of -t**3/3 + 9*t**2/2 - 16*t + 132. Calculate w(8).
-8
Let j(l) = -l**2 + 10*l + 9. Suppose -8*f + 144 = -88. Let s = 40 - f. Calculate j(s).
-2
Suppose 7 = -5*z + 22. Let y(q) = 0 - z*q**3 + 7*q - 5*q**2 + 6 + 2*q**3. Let c be y(-6). Let a(t) = -t**3. Determine a(c).
0
Let c be 2/(-1) + 3 + 4. Suppose 2*h + c = -3. Let j be h/(-10) + 77/(-55). Let q(d) = -9*d**2 - d. Calculate q(j).
-8
Let a(v) = -4*v + 9. Let j(p) = 46 + p - 95 + 48. Let x(c) = a(c) + 6*j(c). Determine x(-4).
-5
Suppose 3*z - 8*z = -20. Let h = -26 - -27. Let i(y) = -y**3 - 4*y**2 + h - 5*y + 0*y**2 + y**2 + 2*y**3. Calculate i(z).
-3
Let v(f) = -7*f**2 + f + 1. Let u be (-8)/(-32) + 177/12. Let y be (-25)/u - 2/(-3). Let s be v(y). Let o(w) = w + 8. Calculate o(s).
1
Let i(o) = -7*o + 2. Let j(t) = -8*t + 2. Let m(g) = -7*i(g) + 6*j(g). Let q = -107 - -112. Suppose 4*b + 20 = 2*l, q*l - 9*l + b = -26. Calculate m(l).
4
Let j(g) be the third derivative of g**5/60 + g**4/4 + 7*g**3/6 + 360*g**2. Determine j(-3).
-2
Let c(t) = 5*t**3 - 18*t**2 - 6*t + 5. Let w(r) = -11*r**3 + 38*r**2 + 12*r - 10. Let v(s) = -13*c(s) - 6*w(s). Let b = 5 + -10. What is v(b)?
-10
Let l(w) be the first derivative of 1/2*w**2 - 7 + 3*w. Give l(-3).
0
Let j(u) be the first derivative of -u**3/3 - 7*u**2/2 + 11*u + 1. Let x be j(-8). Let m(y) = -y - 1 + y**2 - 2 + 0. Calculate